{"id":9,"date":"2021-12-02T16:22:49","date_gmt":"2021-12-02T16:22:49","guid":{"rendered":"http:\/\/cologneloversclub.de\/?page_id=9"},"modified":"2021-12-22T18:52:16","modified_gmt":"2021-12-22T18:52:16","slug":"was-warum","status":"publish","type":"page","link":"https:\/\/cologneloversclub.de\/?page_id=9","title":{"rendered":"WARUM"},"content":{"rendered":"\n<div class=\"wp-block-cover alignfull\"><img loading=\"lazy\" width=\"2000\" height=\"1200\" class=\"wp-block-cover__image-background wp-image-46\" alt=\"\" src=\"http:\/\/cologneloversclub.de\/wp-content\/uploads\/2021\/12\/clc_website_slider_home_02.jpg\" data-object-fit=\"cover\" srcset=\"https:\/\/cologneloversclub.de\/wp-content\/uploads\/2021\/12\/clc_website_slider_home_02.jpg 2000w, https:\/\/cologneloversclub.de\/wp-content\/uploads\/2021\/12\/clc_website_slider_home_02-300x180.jpg 300w, https:\/\/cologneloversclub.de\/wp-content\/uploads\/2021\/12\/clc_website_slider_home_02-1024x614.jpg 1024w, https:\/\/cologneloversclub.de\/wp-content\/uploads\/2021\/12\/clc_website_slider_home_02-768x461.jpg 768w, https:\/\/cologneloversclub.de\/wp-content\/uploads\/2021\/12\/clc_website_slider_home_02-1536x922.jpg 1536w, https:\/\/cologneloversclub.de\/wp-content\/uploads\/2021\/12\/clc_website_slider_home_02-1568x941.jpg 1568w\" sizes=\"(max-width: 2000px) 100vw, 2000px\" \/><div class=\"wp-block-cover__inner-container\">\n<p class=\"has-text-align-center has-large-font-size\"><\/p>\n<\/div><\/div>\n\n\n\n<div style=\"height:60px\" aria-hidden=\"true\" class=\"wp-block-spacer\"><\/div>\n\n\n\n<p>\u201eJeder Jeck ist anders\u201c hei\u00dft es bei uns. Und so haben wir alle unsere eigene Verbindung zu K\u00f6ln. Manche sind sehr sch\u00f6n, andere bewegend und wieder andere leider eher traurig. Aber am Ende des Tages ist K\u00f6ln mit allen seinen sch\u00f6nen, rauen, lauten und leisen Seiten eine gro\u00dfartige Stadt, die man nur lieben kann. K\u00f6lle is eben eh Jef\u00f6hl. Und genau dieses Gef\u00fchl wollen wir mit unseren Motiven transportieren und die Eigenarten der Stadt und seiner Bewohner*innen feiern.<\/p>\n\n\n\n<div class=\"wp-block-cover alignfull has-background-dim\" style=\"background-color:#ffffff;min-height:568px\"><div class=\"wp-block-cover__inner-container\">\n<div class=\"wp-block-media-text alignwide is-stacked-on-mobile is-vertically-aligned-top is-image-fill\" style=\"grid-template-columns:54% auto\"><figure class=\"wp-block-media-text__media\" style=\"background-image:url(http:\/\/cologneloversclub.de\/wp-content\/uploads\/2021\/12\/clc_website_produkt-1024x1024.jpg);background-position:50% 50%\"><img loading=\"lazy\" width=\"1024\" height=\"1024\" src=\"http:\/\/cologneloversclub.de\/wp-content\/uploads\/2021\/12\/clc_website_produkt-1024x1024.jpg\" alt=\"\" class=\"wp-image-115 size-full\" srcset=\"https:\/\/cologneloversclub.de\/wp-content\/uploads\/2021\/12\/clc_website_produkt-1024x1024.jpg 1024w, https:\/\/cologneloversclub.de\/wp-content\/uploads\/2021\/12\/clc_website_produkt-300x300.jpg 300w, https:\/\/cologneloversclub.de\/wp-content\/uploads\/2021\/12\/clc_website_produkt-150x150.jpg 150w, https:\/\/cologneloversclub.de\/wp-content\/uploads\/2021\/12\/clc_website_produkt-768x768.jpg 768w, https:\/\/cologneloversclub.de\/wp-content\/uploads\/2021\/12\/clc_website_produkt.jpg 1500w\" sizes=\"(max-width: 1024px) 100vw, 1024px\" \/><\/figure><div class=\"wp-block-media-text__content\">\n<h2 class=\"has-text-color\" style=\"color:#000000;font-size:32px\"><strong>K\u00f6ln im Herzen<\/strong><\/h2>\n\n\n\n<p class=\"has-text-color\" style=\"color:#000000;font-size:17px\">Das der K\u00f6lner an sich eine patriotische Ader haben sollte bekannt sein. Wir m\u00f6chten diese mit hochwertigen und ansprechenden Motiven unterst\u00fctzen und euch die M\u00f6glichkeit geben, eure Herzensstadt mit Stolz auf der Brust zu tragen.<\/p>\n\n\n\n<div class=\"wp-block-buttons\">\n<div class=\"wp-block-button is-style-fill\"><a class=\"wp-block-button__link has-secondary-background-color has-background\" href=\"https:\/\/www.seedshirt.de\/shop\/heimat\/cologne-lovers-club\" target=\"_blank\" rel=\"noreferrer noopener\">ZUM SHOP<\/a><\/div>\n<\/div>\n<\/div><\/div>\n<\/div><\/div>\n\n\n\n<p>Die Idee entstand Mitte 2020 als alles etwas anders war und man erstmal gemerkt hat, was einem fehlt und wieviel man vermissen kann. In dieser Zeit haben wir festgestellt, dass K\u00f6ln so viele spannende und liebenswerte Ecken und Kanten hat, die vorher vielleicht gar nicht so wertgesch\u00e4tzt wurden. Auch die Menschen aus der Stadt mit K. sind etwas ganz besonders und Momente gemeinsam zu erleben etwas ganz besonderes. Alles Gr\u00fcnde also die Liebe zu K\u00f6ln wieder neu zu entdecken.<\/p>\n\n\n\n<div style=\"height:60px\" aria-hidden=\"true\" class=\"wp-block-spacer\"><\/div>\n\n\n\n<div class=\"wp-block-cover alignwide\"><img loading=\"lazy\" width=\"2000\" height=\"1200\" class=\"wp-block-cover__image-background wp-image-45\" alt=\"\" src=\"http:\/\/cologneloversclub.de\/wp-content\/uploads\/2021\/12\/clc_website_slider_home_01.jpg\" data-object-fit=\"cover\" srcset=\"https:\/\/cologneloversclub.de\/wp-content\/uploads\/2021\/12\/clc_website_slider_home_01.jpg 2000w, https:\/\/cologneloversclub.de\/wp-content\/uploads\/2021\/12\/clc_website_slider_home_01-300x180.jpg 300w, https:\/\/cologneloversclub.de\/wp-content\/uploads\/2021\/12\/clc_website_slider_home_01-1024x614.jpg 1024w, https:\/\/cologneloversclub.de\/wp-content\/uploads\/2021\/12\/clc_website_slider_home_01-768x461.jpg 768w, https:\/\/cologneloversclub.de\/wp-content\/uploads\/2021\/12\/clc_website_slider_home_01-1536x922.jpg 1536w, https:\/\/cologneloversclub.de\/wp-content\/uploads\/2021\/12\/clc_website_slider_home_01-1568x941.jpg 1568w\" sizes=\"(max-width: 2000px) 100vw, 2000px\" \/><div class=\"wp-block-cover__inner-container\">\n<p class=\"has-text-align-center has-large-font-size\"><\/p>\n<\/div><\/div>\n\n\n\n<div style=\"height:60px\" aria-hidden=\"true\" class=\"wp-block-spacer\"><\/div>\n\n\n\n<div class=\"wp-block-group alignfull has-background-color has-foreground-background-color has-text-color has-background\"><div class=\"wp-block-group__inner-container\">\n<div class=\"wp-block-image is-style-default\"><figure class=\"aligncenter size-full is-resized\"><img loading=\"lazy\" src=\"http:\/\/cologneloversclub.de\/wp-content\/uploads\/2021\/12\/Logo-CLC-300x240px-weis.png\" alt=\"\" class=\"wp-image-196\" width=\"75\" height=\"60\"\/><\/figure><\/div>\n<\/div><\/div>\n\n\n\n<p><\/p>\n","protected":false},"excerpt":{"rendered":"<p>\u201eJeder Jeck ist anders\u201c hei\u00dft es bei uns. Und so haben wir alle unsere eigene Verbindung zu K\u00f6ln. Manche sind sehr sch\u00f6n, andere bewegend und wieder andere leider eher traurig. Aber am Ende des Tages ist K\u00f6ln mit allen seinen sch\u00f6nen, rauen, lauten und leisen Seiten eine gro\u00dfartige Stadt, die man nur lieben kann. K\u00f6lle<a class=\"more-link\" href=\"https:\/\/cologneloversclub.de\/?page_id=9\"><span class=\"screen-reader-text\">&#8220;WARUM&#8221;<\/span> weiterlesen<\/a><\/p>\n","protected":false},"author":1,"featured_media":0,"parent":0,"menu_order":0,"comment_status":"closed","ping_status":"closed","template":"","meta":[],"_links":{"self":[{"href":"https:\/\/cologneloversclub.de\/index.php?rest_route=\/wp\/v2\/pages\/9"}],"collection":[{"href":"https:\/\/cologneloversclub.de\/index.php?rest_route=\/wp\/v2\/pages"}],"about":[{"href":"https:\/\/cologneloversclub.de\/index.php?rest_route=\/wp\/v2\/types\/page"}],"author":[{"embeddable":true,"href":"https:\/\/cologneloversclub.de\/index.php?rest_route=\/wp\/v2\/users\/1"}],"replies":[{"embeddable":true,"href":"https:\/\/cologneloversclub.de\/index.php?rest_route=%2Fwp%2Fv2%2Fcomments&post=9"}],"version-history":[{"count":23,"href":"https:\/\/cologneloversclub.de\/index.php?rest_route=\/wp\/v2\/pages\/9\/revisions"}],"predecessor-version":[{"id":205,"href":"https:\/\/cologneloversclub.de\/index.php?rest_route=\/wp\/v2\/pages\/9\/revisions\/205"}],"wp:attachment":[{"href":"https:\/\/cologneloversclub.de\/index.php?rest_route=%2Fwp%2Fv2%2Fmedia&parent=9"}],"curies":[{"name":"wp","href":"https:\/\/api.w.org\/{rel}","templated":true}]}}