{"id":10,"date":"2021-12-02T16:22:49","date_gmt":"2021-12-02T16:22:49","guid":{"rendered":"http:\/\/cologneloversclub.de\/?page_id=10"},"modified":"2021-12-23T12:29:03","modified_gmt":"2021-12-23T12:29:03","slug":"motive","status":"publish","type":"page","link":"https:\/\/cologneloversclub.de\/?page_id=10","title":{"rendered":"MOTIVE"},"content":{"rendered":"\n<div class=\"wp-block-cover alignfull\"><img loading=\"lazy\" width=\"2000\" height=\"1200\" class=\"wp-block-cover__image-background wp-image-129\" alt=\"\" src=\"http:\/\/cologneloversclub.de\/wp-content\/uploads\/2021\/12\/clc_website_motive_breit.jpg\" data-object-fit=\"cover\" srcset=\"https:\/\/cologneloversclub.de\/wp-content\/uploads\/2021\/12\/clc_website_motive_breit.jpg 2000w, https:\/\/cologneloversclub.de\/wp-content\/uploads\/2021\/12\/clc_website_motive_breit-300x180.jpg 300w, https:\/\/cologneloversclub.de\/wp-content\/uploads\/2021\/12\/clc_website_motive_breit-1024x614.jpg 1024w, https:\/\/cologneloversclub.de\/wp-content\/uploads\/2021\/12\/clc_website_motive_breit-768x461.jpg 768w, https:\/\/cologneloversclub.de\/wp-content\/uploads\/2021\/12\/clc_website_motive_breit-1536x922.jpg 1536w, https:\/\/cologneloversclub.de\/wp-content\/uploads\/2021\/12\/clc_website_motive_breit-1568x941.jpg 1568w\" sizes=\"(max-width: 2000px) 100vw, 2000px\" \/><div class=\"wp-block-cover__inner-container\">\n<p class=\"has-text-align-center has-large-font-size\"><\/p>\n<\/div><\/div>\n\n\n\n<div style=\"height:60px\" aria-hidden=\"true\" class=\"wp-block-spacer\"><\/div>\n\n\n\n<p>Hier findet ihr einen \u00dcberblick \u00fcber unsere Motive. Diese werden wir mit der Zeit erweitern und austauschen. Alle haben einen bezug zu K\u00f6ln, das ein oder andere vielleicht auch \u00fcber Umwege. Die Produktion im Print-on-Demand Verfahren l\u00e4sst uns gl\u00fccklicher Weise relativ flexibel in der Motiv- und Produktauswahl agieren. Seid also gespannt, was uns so einfallt und schaut gerne regelm\u00e4\u00dfig vorbei.<\/p>\n\n\n\n<div class=\"wp-block-cover alignfull has-background-dim\" style=\"background-color:#ffffff;min-height:565px\"><div class=\"wp-block-cover__inner-container\">\n<div class=\"wp-block-media-text alignwide has-media-on-the-right is-stacked-on-mobile is-vertically-aligned-center\" style=\"grid-template-columns:auto 40%\"><figure class=\"wp-block-media-text__media\"><img loading=\"lazy\" width=\"800\" height=\"800\" src=\"http:\/\/cologneloversclub.de\/wp-content\/uploads\/2021\/12\/clc_website_motiv_logo.jpg\" alt=\"\" class=\"wp-image-211 size-full\" srcset=\"https:\/\/cologneloversclub.de\/wp-content\/uploads\/2021\/12\/clc_website_motiv_logo.jpg 800w, https:\/\/cologneloversclub.de\/wp-content\/uploads\/2021\/12\/clc_website_motiv_logo-300x300.jpg 300w, https:\/\/cologneloversclub.de\/wp-content\/uploads\/2021\/12\/clc_website_motiv_logo-150x150.jpg 150w, https:\/\/cologneloversclub.de\/wp-content\/uploads\/2021\/12\/clc_website_motiv_logo-768x768.jpg 768w\" sizes=\"(max-width: 800px) 100vw, 800px\" \/><\/figure><div class=\"wp-block-media-text__content\">\n<h2 class=\"has-text-color\" style=\"color:#000000;font-size:32px\"><strong>Logo<\/strong><\/h2>\n\n\n\n<p class=\"has-text-color\" style=\"color:#000000;font-size:17px\">Unser erste Motiv ist unser Logo. Ganz klassisch ohne viel Schnick Schnack. Muss man halt haben.<br>Hier haben wir auch die gr\u00f6\u00dfte Auswahl an Produkten: Wei\u00dfe T-Shirts und graue Sweatshirts im Ladies und Unisex Cut sowie einen grauen Unisex Hoodie. Optional gibt es die Shirts noch, f\u00fcr alle die es etwas Plakativer m\u00f6gen, mit einem gro\u00dfen Print auf dem R\u00fccken.<\/p>\n\n\n\n<div class=\"wp-block-buttons\">\n<div class=\"wp-block-button is-style-fill\"><a class=\"wp-block-button__link has-secondary-background-color has-background\" href=\"https:\/\/www.seedshirt.de\/shop\/heimat\/cologne-lovers-club\" target=\"_blank\" rel=\"noreferrer noopener\">ZUM SHOP<\/a><\/div>\n<\/div>\n<\/div><\/div>\n<\/div><\/div>\n\n\n\n<div class=\"wp-block-cover alignfull has-background-dim\" style=\"background-color:#ffffff;min-height:565px\"><div class=\"wp-block-cover__inner-container\">\n<div class=\"wp-block-media-text alignwide has-media-on-the-right is-stacked-on-mobile is-vertically-aligned-center\" style=\"grid-template-columns:auto 40%\"><figure class=\"wp-block-media-text__media\"><img loading=\"lazy\" width=\"800\" height=\"800\" src=\"http:\/\/cologneloversclub.de\/wp-content\/uploads\/2021\/12\/clc_website_motiv_veedelsued.jpg\" alt=\"\" class=\"wp-image-215 size-full\" srcset=\"https:\/\/cologneloversclub.de\/wp-content\/uploads\/2021\/12\/clc_website_motiv_veedelsued.jpg 800w, https:\/\/cologneloversclub.de\/wp-content\/uploads\/2021\/12\/clc_website_motiv_veedelsued-300x300.jpg 300w, https:\/\/cologneloversclub.de\/wp-content\/uploads\/2021\/12\/clc_website_motiv_veedelsued-150x150.jpg 150w, https:\/\/cologneloversclub.de\/wp-content\/uploads\/2021\/12\/clc_website_motiv_veedelsued-768x768.jpg 768w\" sizes=\"(max-width: 800px) 100vw, 800px\" \/><\/figure><div class=\"wp-block-media-text__content\">\n<h2 class=\"has-text-color\" style=\"color:#000000;font-size:32px\"><strong>Veedelsshirts<\/strong><\/h2>\n\n\n\n<p class=\"has-foreground-color has-text-color\">Das wahre Leben spielt sich in den Veedeln ab. Jedes ist auf seine Art besonders und einzigartig. Welches ist deins?<\/p>\n\n\n\n<p class=\"has-foreground-color has-text-color\">Der grafische Aufbau ist folgender:<br>Das Veedel in gro\u00df, dar\u00fcber die Postleitzahl und untendrunter Colonia Claudia Ara Agrippinensium sowie Cologne Lovers Club in klein.<\/p>\n\n\n\n<p class=\"has-foreground-color has-text-color\">Nach und nach kommen weitere Veedel hinzu.<\/p>\n\n\n\n<div class=\"wp-block-buttons\">\n<div class=\"wp-block-button is-style-fill\"><a class=\"wp-block-button__link has-secondary-background-color has-background\" href=\"https:\/\/www.seedshirt.de\/shop\/heimat\/koeln\" target=\"_blank\" rel=\"noreferrer noopener\">ZUM SHOP<\/a><\/div>\n<\/div>\n<\/div><\/div>\n<\/div><\/div>\n\n\n\n<div style=\"height:60px\" aria-hidden=\"true\" class=\"wp-block-spacer\"><\/div>\n\n\n\n<h5>Qualit\u00e4t\/Komfort<\/h5>\n\n\n\n<p>Unser Ziel ist Bekleidung aus hochwertigen Materialen anzubieten und dabei so gut wie m\u00f6glich auf die Nachhaltigkeit zu achten. Darum sind alle unsere Produkte auf Schadstoffe getestet und die Sweatshirts und Hoodies sogar aus Bio-Baumwolle und recyceltem Polyester hergestellt. So schaffen wir den Spagat zwischen Preis\/Leistung, Haltbarkeit, Tragekomfort und Unbedenklichkeit.<\/p>\n\n\n\n<p>Folgende Textilien werden verwendet:<\/p>\n\n\n\n<p><strong>T-Shirts<\/strong><br>B&amp;C E190 (185 g\/m\u00b2, \u00d6ko-Tex 100)<br>Stanley Creator (180g\/m\u00b2, 100 % Bio-Baumwolle)<\/p>\n\n\n\n<p><strong>Sweatshirts<\/strong><br>Stanley Stroller \/ Stella Tripster (350 g\/m\u00b2, 85% Bio-Baumwolle, 15% recyceltes Polyester)<\/p>\n\n\n\n<p><strong>Hoodie<\/strong><br>Stanley\/Stella Cruiser (350 g\/m\u00b2, 85% Bio-Baumwolle, 15% recyceltes Polyester)<\/p>\n\n\n\n<div style=\"height:60px\" aria-hidden=\"true\" class=\"wp-block-spacer\"><\/div>\n\n\n\n<div class=\"wp-block-group alignfull has-foreground-background-color has-background\"><div class=\"wp-block-group__inner-container\">\n<div class=\"wp-block-image is-style-default\"><figure class=\"aligncenter size-full is-resized\"><img loading=\"lazy\" src=\"http:\/\/cologneloversclub.de\/wp-content\/uploads\/2021\/12\/Logo-CLC-300x240px-weis.png\" alt=\"\" class=\"wp-image-196\" width=\"75\" height=\"60\"\/><\/figure><\/div>\n<\/div><\/div>\n","protected":false},"excerpt":{"rendered":"<p>Hier findet ihr einen \u00dcberblick \u00fcber unsere Motive. Diese werden wir mit der Zeit erweitern und austauschen. Alle haben einen bezug zu K\u00f6ln, das ein oder andere vielleicht auch \u00fcber Umwege. Die Produktion im Print-on-Demand Verfahren l\u00e4sst uns gl\u00fccklicher Weise relativ flexibel in der Motiv- und Produktauswahl agieren. Seid also gespannt, was uns so einfallt<a class=\"more-link\" href=\"https:\/\/cologneloversclub.de\/?page_id=10\"><span class=\"screen-reader-text\">&#8220;MOTIVE&#8221;<\/span> weiterlesen<\/a><\/p>\n","protected":false},"author":1,"featured_media":0,"parent":0,"menu_order":0,"comment_status":"closed","ping_status":"closed","template":"","meta":[],"_links":{"self":[{"href":"https:\/\/cologneloversclub.de\/index.php?rest_route=\/wp\/v2\/pages\/10"}],"collection":[{"href":"https:\/\/cologneloversclub.de\/index.php?rest_route=\/wp\/v2\/pages"}],"about":[{"href":"https:\/\/cologneloversclub.de\/index.php?rest_route=\/wp\/v2\/types\/page"}],"author":[{"embeddable":true,"href":"https:\/\/cologneloversclub.de\/index.php?rest_route=\/wp\/v2\/users\/1"}],"replies":[{"embeddable":true,"href":"https:\/\/cologneloversclub.de\/index.php?rest_route=%2Fwp%2Fv2%2Fcomments&post=10"}],"version-history":[{"count":23,"href":"https:\/\/cologneloversclub.de\/index.php?rest_route=\/wp\/v2\/pages\/10\/revisions"}],"predecessor-version":[{"id":219,"href":"https:\/\/cologneloversclub.de\/index.php?rest_route=\/wp\/v2\/pages\/10\/revisions\/219"}],"wp:attachment":[{"href":"https:\/\/cologneloversclub.de\/index.php?rest_route=%2Fwp%2Fv2%2Fmedia&parent=10"}],"curies":[{"name":"wp","href":"https:\/\/api.w.org\/{rel}","templated":true}]}}